0. Let k = 74 + q. What is the tens digit of k?
5
Suppose -3509 = -6*c + 3331. Suppose 33*n = 38*n - c. What is the units digit of n?
8
Let q(j) = -2*j**3 - 5*j**2 - 4*j - 6. Let s be -1*5*(-3 - -4). What is the tens digit of q(s)?
3
Suppose -8*g - 378 + 2154 = 0. Suppose 5*f = 2*j + g, 3*j - 5*j - 178 = -4*f. What is the units digit of f?
4
Suppose -l = 3*i + 11, 4*l = 8*l - 5*i - 41. Suppose 15 = l*z - 3*z. What is the tens digit of z?
1
Suppose 6 = 2*n - 3*u, 5*n - 2*n = -5*u - 29. What is the units digit of (n - -2)*-1 - -197?
8
Suppose 200*y = -4*f + 201*y + 10950, 3*f + y = 8216. What is the units digit of f?
8
Suppose -c = -5*c - 76. Let x = c - -86. What is the tens digit of x?
6
Let c(w) = -w**3 - 15*w**2 - 12. Let g be c(-15). What is the tens digit of (-4)/6 - 296/g?
2
Suppose 0 = -0*b + 3*b - 201. What is the tens digit of ((-9)/6)/(3 + b/(-22))?
3
Let i = -1776 + 3109. What is the hundreds digit of i?
3
Suppose 20 = 2*w + 5*y, -3*w + 2*y + 54 = -14. Let l be 29 + -3 + (5 - 4). Let z = l + w. What is the units digit of z?
7
Let m(s) = 87*s**2 - 29*s - 189. What is the thousands digit of m(-7)?
4
Let d = 3179 - 1403. What is the units digit of d?
6
Let t(a) = 67*a + 6 + 6 - 19. What is the tens digit of t(2)?
2
Let t = -4 + 7. Let l be -1*1*(t + -5). Let w(z) = 15*z - 1. What is the units digit of w(l)?
9
Suppose 5*t - 6 = 14. Suppose -4*y - 10 = 2*i + t, i = 4*y + 23. Suppose -3*u - 16 = 3*d - 8*u, i*d = -2*u + 19. What is the units digit of d?
3
Let n = -29 + 53. Let k be 8/(-12) - n/(-9). What is the tens digit of -56*(65/(-20) + k)?
7
Let y be 1/(-2)*-4*138. Suppose -y = 14*u - 16*u. What is the hundreds digit of u?
1
Let r be 48/30*(-5)/(-4)*2. Suppose r*i - 4*t = 344, -5*i + 423 = t + t. What is the tens digit of i?
8
Let i be 80/48 - (-1)/3. Suppose 7*v - i*v = -165. What is the tens digit of 4 - (v + 0 + 2)?
3
Suppose 0 = 3*h - 2 - 10. Suppose -h*x + 1 = -11. Suppose -x*s + 94 = -s. What is the units digit of s?
7
Suppose -6 - 2 = -2*v. Suppose 5*z = -15, -j + 58 = -v*z - 32. Suppose k + k - j = 0. What is the tens digit of k?
3
Let h = 1119 - 595. Suppose -h + 188 = -7*g. What is the units digit of g?
8
Let s(n) = -4*n**3 + n - 1. Suppose 0 = -x - 2*d - 2*d - 11, 0 = 3*x + d. Let y be s(x). Let c(z) = z**3 + 6*z**2 + 3*z - 1. What is the units digit of c(y)?
9
Suppose 4*b + 3*p - 27 = 2*p, -p = 5*b - 33. Let q be 3*14/b + -1. What is the units digit of (-20)/(-30) + 26/q?
5
Suppose -265 = 4*s - 5*v, -s - 5 - 65 = -5*v. Let m = 134 + s. What is the tens digit of m?
6
Let j = 11 + -8. Suppose j*n = n + 4. What is the tens digit of (-3 + n/1)*-33?
3
Suppose 0 = 10*q + 10236 - 41636. What is the hundreds digit of q?
1
Let y(p) = 3*p**2 + 12 + 34*p - 68*p + 51*p. What is the tens digit of y(-8)?
6
Suppose 0 = -8*f - 197 - 267. Let z be (3 - 2 - -92) + -1. Let d = f + z. What is the units digit of d?
4
Suppose 553 = -2*a + 9*a. Let f = a - -4. What is the units digit of f?
3
What is the hundreds digit of (-5 - 5632/20)/(1/(-10))?
8
Let x = 69 + -103. Let q = x + 57. What is the tens digit of q?
2
What is the hundreds digit of (409/4)/((-9)/(-36))?
4
Suppose 10 = 4*b + p - 7, -4*b + 18 = 2*p. Let o = 1 - b. Let g = o - -25. What is the units digit of g?
2
Suppose 8*r - 840 = 6*r. Suppose -4*m = -m - r. What is the units digit of m?
0
Suppose 2*s - 2*j = -0 + 16, 0 = -5*s + j + 36. Let v = 12 - s. Suppose v*g = 0, 38 = -0*t + 2*t + g. What is the tens digit of t?
1
Let l(n) = -4*n + 787. What is the units digit of l(0)?
7
Suppose -2*v + 2065 = 265. Suppose v = -4*h + 10*h. What is the hundreds digit of h?
1
Let j = 25 - 20. Let r = 470 + -334. Suppose 39 = j*w - r. What is the units digit of w?
5
Suppose 4*s + 6 = -k, -7*s - 2*k - 6 = -2*s. What is the units digit of (4/s)/(6/(-687))?
9
Suppose 12 = 5*y - 23. Suppose 0*b + 4*o = -4*b - 16, -2*b - o = y. What is the units digit of (-2*8)/(1 + b)?
8
Let h = 61 + -60. What is the hundreds digit of -5 + h + (-4 - -195)?
1
Let c(j) = j**3 - 6*j**2 + 5*j + 3. Suppose 4*f - 4 = -4*y + 16, -3*y + 4*f + 15 = 0. Let x be c(y). Suppose -x*r - 2*r = -65. What is the units digit of r?
3
Let l(p) = -4*p**3 - 4*p + 5*p**3 + 3*p**2 + 3 + 1. Let j be l(-4). Suppose j*q - 15 = 37. What is the units digit of q?
3
Let p(a) = -220*a**2 - 4*a + 215*a**2 + 0*a**3 - a**3 - 2*a. What is the tens digit of p(-5)?
3
Let x(o) = -4*o + 4. Let t(m) = -3*m + 5. Let v(z) = 3*t(z) - 2*x(z). Let u be v(9). Let g(b) = -3*b**3 + b**2 + b - 2. What is the units digit of g(u)?
4
Suppose -2*t - 7 - 7 = 0. Let p = -2 - t. Suppose 4*j - 215 = -p*u, 0 = -2*u + 2*j + 3*j + 119. What is the units digit of u?
7
What is the hundreds digit of (79 - 78)*2*(-3082)/(-4)?
5
Let n(u) = 15*u - 20. What is the hundreds digit of n(10)?
1
Suppose 0 = v + s + 5 - 18, 2*v - 36 = 3*s. Let l = v - 12. Suppose -l*z = 115 - 301. What is the tens digit of z?
6
Let m(l) = -15*l - l**2 + 36*l - 7 - 17*l + 4*l**3. What is the hundreds digit of m(4)?
2
Suppose -5*q + 1161 - 1 = 0. Suppose -3*c = -q + 13. What is the tens digit of c?
7
Let i(b) = 2*b**2 + 9*b + 2*b**2 - 29 - b**2. What is the hundreds digit of i(-10)?
1
Let a(t) = -t**3 + 6*t**2 + 6*t + 7. Let y be a(7). Suppose y*k + 16 = 4*k. Suppose 0*d + 3*l + 35 = d, k*d + 5*l = 89. What is the units digit of d?
6
Suppose -8*f = -24*f + 1488. What is the units digit of f?
3
What is the hundreds digit of (3 - -549) + (-1 + -2 - -1)?
5
Let i = -12 - -13. Suppose i = 5*v - 69. Suppose 0 = -3*o + v + 40. What is the units digit of o?
8
Let x = -9 + 11. Suppose -x*k = 4*k. Suppose -4*o + 21 + 55 = k. What is the tens digit of o?
1
Let l = -508 - -855. Let t = l + -231. What is the hundreds digit of t?
1
Suppose 2340 - 546 = 6*h. What is the hundreds digit of h?
2
Let t = 1115 - -585. What is the thousands digit of t?
1
Let l = -128 - -77. Suppose 0 = -3*w + 5*h - 250, 0*h = 4*w - h + 339. Let m = l - w. What is the units digit of m?
4
Let h(b) = -b - 2. Let z be h(19). Let r = 24 + z. Suppose u = -r*t - 3*u + 166, 3*t - 161 = u. What is the units digit of t?
4
Let m be (-2)/(-3)*27/(-9). What is the tens digit of (4 + -40)*m/6?
1
Let m(o) be the third derivative of -o**4/24 + 17*o**3/6 - o**2. Let v(a) = -a**3 + a**2 + 2*a + 4. Let h be v(0). What is the units digit of m(h)?
3
Let l(k) = k. Let p be l(0). Suppose 4*f - f - 27 = p. Let w = f - 8. What is the units digit of w?
1
Suppose n + 8 = -3*n. Let m be n*(-5)/((-40)/(-36)). What is the units digit of (-12)/4 + m + 0?
6
Let r = -1898 + 2762. Suppose r = 22*x - 14*x. What is the tens digit of x?
0
Let o(t) = 40*t**2 + 11*t - 3. What is the tens digit of o(2)?
7
Suppose 5*v = -q + 693, 5*v = q - 0*q - 673. What is the hundreds digit of q?
6
Suppose 5*c - 130 = 3*c. What is the units digit of c + 0/(0 + -3)?
5
Let f(o) = 386*o**2 + 10*o + 9. What is the hundreds digit of f(-1)?
3
Suppose -3*j + 5*h = -390, 0*j - 2*j - 2*h = -260. Suppose 0 = -5*p + j + 205. What is the tens digit of p?
6
Suppose -9*t = -14*t + 4830. Suppose -6*c + t = -0*c. What is the units digit of c?
1
Let g(x) = 2*x**3 + 72*x**2 - 69*x + 31. What is the thousands digit of g(-35)?
4
Suppose 4*x - 2*x = 4. Let l be (2 + -1)*(-10)/x. Let w(a) = -7*a - 7. What is the tens digit of w(l)?
2
Suppose 5*y - 9*y - 4*m = -172, 5*y - 2*m - 194 = 0. What is the units digit of y?
0
Let r(v) = -3*v**3 + 2*v**2 + 7*v + 2512. What is the units digit of r(0)?
2
Suppose -4*c + z + 0*z = -411, -540 = -5*c - 4*z. Suppose 0*g - 4*g + c = 0. What is the units digit of g?
6
Let y(r) = -r**3 + 20*r**2 + 103*r + 6. What is the hundreds digit of y(-7)?
6
Let i(w) be the third derivative of 1/6*w**3 - 1/120*w**6 - w**2 - 1/12*w**5 + 0*w - 1/12*w**4 + 0. What is the units digit of i(-5)?
1
Let n be ((-1 - -5) + -3)*15. Let x be 9/15 - 774/n. Let c = x - -104. What is the tens digit of c?
5
What is the hundreds digit of (-3759)/(-14)*(-56)/(-12)?
2
Suppose -3*b + 10 = 2*b. Suppose -b*l + 144 = -4*w + 2*w, 0 = 2*w + 2*l + 128. Let n = -48 - w. What is the units digit of n?
0
Let f = 2868 + -1975. What is the tens digit of f?
9
Suppose d - 237 = -3*d + r, 4*d + 3*r = 249. Let p = d - 33. What is the tens digit of p?
2
Let o(p) be the third derivative of 0 + 0*p**4 + 1/6*p**5 - 9*p**2 + 0*p - 2/3*p**3. Wh